{"id":579,"date":"2025-10-15T11:57:38","date_gmt":"2025-10-15T14:57:38","guid":{"rendered":"https:\/\/lojadecodigos.com.br\/wordpress_netaf\/?page_id=579"},"modified":"2026-03-10T13:06:09","modified_gmt":"2026-03-10T16:06:09","slug":"pei-2","status":"publish","type":"page","link":"https:\/\/netaf.com.br\/?page_id=579","title":{"rendered":"PEI"},"content":{"rendered":"\n<figure class=\"wp-block-image alignfull size-large\"><img loading=\"lazy\" decoding=\"async\" width=\"1024\" height=\"485\" src=\"https:\/\/netaf.com.br\/wp-content\/uploads\/2026\/03\/PEI-1024x485.webp\" alt=\"\" class=\"wp-image-842\" srcset=\"https:\/\/netaf.com.br\/wp-content\/uploads\/2026\/03\/PEI-1024x485.webp 1024w, https:\/\/netaf.com.br\/wp-content\/uploads\/2026\/03\/PEI-300x142.webp 300w, https:\/\/netaf.com.br\/wp-content\/uploads\/2026\/03\/PEI-768x363.webp 768w, https:\/\/netaf.com.br\/wp-content\/uploads\/2026\/03\/PEI-1536x727.webp 1536w, https:\/\/netaf.com.br\/wp-content\/uploads\/2026\/03\/PEI-2048x969.webp 2048w\" sizes=\"auto, (max-width: 1024px) 100vw, 1024px\" \/><\/figure>\n\n\n\n<h2 class=\"wp-block-heading\">PEI<\/h2>\n\n\n\n<p>O PEI &#8211; Programa de Enriquecimento Instrumental &#8211; \u00e9 um programa de interven\u00e7\u00e3o cognitiva mediada que desenvolve fun\u00e7\u00f5es cognitivas e opera\u00e7\u00f5es mentais promovendo a modificabilidade do indiv\u00edduo.<\/p>\n\n\n\n<p>Origina-se da teoria da Modificabilidade Cognitiva Estrutural e da Teoria da Experi\u00eancia da Aprendizagem Mediada fruto das pesquisas do psic\u00f3logo e educador Prof. Reuven Feuerstein.<\/p>\n\n\n\n<p>O programa busca afiar o pensamento cr\u00edtico com os conceitos, habilidades, estrat\u00e9gias e atitudes necess\u00e1rias para uma aprendizagem significativa e aut\u00f4noma; propiciar tamb\u00e9m diagnosticar e corrigir defici\u00eancias nas habilidades de pensamento; e ajudar indiv\u00edduos a aprenderem a aprender.<\/p>\n\n\n\n<p>O dom\u00ednio das tarefas em Enriquecimento Instrumental nunca \u00e9 uma quest\u00e3o de aprendizagem por repeti\u00e7\u00e3o ou mera reprodu\u00e7\u00e3o de uma habilidade instru\u00edda.<\/p>\n\n\n\n<p>Sempre envolve a aplica\u00e7\u00e3o de regras, princ\u00edpios ou estrat\u00e9gias em uma variedade de tarefas.<\/p>\n\n\n\n<p>Assim, o PEI estimula as fun\u00e7\u00f5es cognitivas que permitem ao indiv\u00edduo definir problemas sistematicamente, treinar as fun\u00e7\u00f5es executivas, fazer novas conex\u00f5es, motivar-se, melhorar seus h\u00e1bitos de estudo e trabalho.<\/p>\n\n\n\n<p>Possui 14 instrumentos divididos em PEI n\u00edvel 1 e 2 com diversos conte\u00fados, com crescente n\u00edvel de complexidade e abstra\u00e7\u00e3o.<\/p>\n\n\n\n<p>Este programa pode ser utilizado em grupo ou individualmente em crian\u00e7as, adultos e idosos.<\/p>\n\n\n\n<p>O programa est\u00e1 traduzido em 12 l\u00ednguas e \u00e9 utilizado em diversos pa\u00edses.<\/p>\n\n\n\n<p>Atualmente \u00e9 aplicado na \u00e1rea educacional, cl\u00ednica, empresarial e institucional.<\/p>\n\n\n\n<p><\/p>\n","protected":false},"excerpt":{"rendered":"<p>PEI O PEI &#8211; Programa de Enriquecimento Instrumental &#8211; \u00e9 um programa de interven\u00e7\u00e3o cognitiva mediada que desenvolve fun\u00e7\u00f5es cognitivas [&hellip;]<\/p>\n","protected":false},"author":1,"featured_media":0,"parent":0,"menu_order":0,"comment_status":"closed","ping_status":"closed","template":"","meta":{"_eb_attr":"","site-sidebar-layout":"default","site-content-layout":"","ast-site-content-layout":"default","site-content-style":"default","site-sidebar-style":"default","ast-global-header-display":"","ast-banner-title-visibility":"","ast-main-header-display":"","ast-hfb-above-header-display":"","ast-hfb-below-header-display":"","ast-hfb-mobile-header-display":"","site-post-title":"disabled","ast-breadcrumbs-content":"","ast-featured-img":"","footer-sml-layout":"","theme-transparent-header-meta":"","adv-header-id-meta":"","stick-header-meta":"","header-above-stick-meta":"","header-main-stick-meta":"","header-below-stick-meta":"","astra-migrate-meta-layouts":"default","ast-page-background-enabled":"default","ast-page-background-meta":{"desktop":{"background-color":"var(--ast-global-color-5)","background-image":"","background-repeat":"repeat","background-position":"center center","background-size":"auto","background-attachment":"scroll","background-type":"","background-media":"","overlay-type":"","overlay-color":"","overlay-opacity":"","overlay-gradient":""},"tablet":{"background-color":"","background-image":"","background-repeat":"repeat","background-position":"center center","background-size":"auto","background-attachment":"scroll","background-type":"","background-media":"","overlay-type":"","overlay-color":"","overlay-opacity":"","overlay-gradient":""},"mobile":{"background-color":"","background-image":"","background-repeat":"repeat","background-position":"center center","background-size":"auto","background-attachment":"scroll","background-type":"","background-media":"","overlay-type":"","overlay-color":"","overlay-opacity":"","overlay-gradient":""}},"ast-content-background-meta":{"desktop":{"background-color":"var(--ast-global-color-4)","background-image":"","background-repeat":"repeat","background-position":"center center","background-size":"auto","background-attachment":"scroll","background-type":"","background-media":"","overlay-type":"","overlay-color":"","overlay-opacity":"","overlay-gradient":""},"tablet":{"background-color":"var(--ast-global-color-4)","background-image":"","background-repeat":"repeat","background-position":"center center","background-size":"auto","background-attachment":"scroll","background-type":"","background-media":"","overlay-type":"","overlay-color":"","overlay-opacity":"","overlay-gradient":""},"mobile":{"background-color":"var(--ast-global-color-4)","background-image":"","background-repeat":"repeat","background-position":"center center","background-size":"auto","background-attachment":"scroll","background-type":"","background-media":"","overlay-type":"","overlay-color":"","overlay-opacity":"","overlay-gradient":""}},"footnotes":""},"class_list":["post-579","page","type-page","status-publish","hentry"],"yoast_head":"<!-- This site is optimized with the Yoast SEO plugin v27.1.1 - https:\/\/yoast.com\/product\/yoast-seo-wordpress\/ -->\n<title>PEI - NETAF - N\u00facleo de Estudos e Terapias<\/title>\n<meta name=\"robots\" content=\"index, follow, max-snippet:-1, max-image-preview:large, max-video-preview:-1\" \/>\n<link rel=\"canonical\" href=\"https:\/\/netaf.com.br\/?page_id=579\" \/>\n<meta property=\"og:locale\" content=\"pt_BR\" \/>\n<meta property=\"og:type\" content=\"article\" \/>\n<meta property=\"og:title\" content=\"PEI - NETAF - N\u00facleo de Estudos e Terapias\" \/>\n<meta property=\"og:description\" content=\"PEI O PEI &#8211; Programa de Enriquecimento Instrumental &#8211; \u00e9 um programa de interven\u00e7\u00e3o cognitiva mediada que desenvolve fun\u00e7\u00f5es cognitivas [&hellip;]\" \/>\n<meta property=\"og:url\" content=\"https:\/\/netaf.com.br\/?page_id=579\" \/>\n<meta property=\"og:site_name\" content=\"NETAF - N\u00facleo de Estudos e Terapias\" \/>\n<meta property=\"article:modified_time\" content=\"2026-03-10T16:06:09+00:00\" \/>\n<meta property=\"og:image\" content=\"https:\/\/netaf.com.br\/wp-content\/uploads\/2026\/03\/PEI-scaled.webp\" \/>\n\t<meta property=\"og:image:width\" content=\"2560\" \/>\n\t<meta property=\"og:image:height\" content=\"1212\" \/>\n\t<meta property=\"og:image:type\" content=\"image\/webp\" \/>\n<meta name=\"twitter:card\" content=\"summary_large_image\" \/>\n<meta name=\"twitter:label1\" content=\"Est. tempo de leitura\" \/>\n\t<meta name=\"twitter:data1\" content=\"2 minutos\" \/>\n<script type=\"application\/ld+json\" class=\"yoast-schema-graph\">{\"@context\":\"https:\/\/schema.org\",\"@graph\":[{\"@type\":\"WebPage\",\"@id\":\"https:\/\/netaf.com.br\/?page_id=579\",\"url\":\"https:\/\/netaf.com.br\/?page_id=579\",\"name\":\"PEI - NETAF - N\u00facleo de Estudos e Terapias\",\"isPartOf\":{\"@id\":\"https:\/\/netaf.com.br\/#website\"},\"primaryImageOfPage\":{\"@id\":\"https:\/\/netaf.com.br\/?page_id=579#primaryimage\"},\"image\":{\"@id\":\"https:\/\/netaf.com.br\/?page_id=579#primaryimage\"},\"thumbnailUrl\":\"https:\/\/netaf.com.br\/wp-content\/uploads\/2026\/03\/PEI-1024x485.webp\",\"datePublished\":\"2025-10-15T14:57:38+00:00\",\"dateModified\":\"2026-03-10T16:06:09+00:00\",\"breadcrumb\":{\"@id\":\"https:\/\/netaf.com.br\/?page_id=579#breadcrumb\"},\"inLanguage\":\"pt-BR\",\"potentialAction\":[{\"@type\":\"ReadAction\",\"target\":[\"https:\/\/netaf.com.br\/?page_id=579\"]}]},{\"@type\":\"ImageObject\",\"inLanguage\":\"pt-BR\",\"@id\":\"https:\/\/netaf.com.br\/?page_id=579#primaryimage\",\"url\":\"https:\/\/netaf.com.br\/wp-content\/uploads\/2026\/03\/PEI-scaled.webp\",\"contentUrl\":\"https:\/\/netaf.com.br\/wp-content\/uploads\/2026\/03\/PEI-scaled.webp\",\"width\":2560,\"height\":1212},{\"@type\":\"BreadcrumbList\",\"@id\":\"https:\/\/netaf.com.br\/?page_id=579#breadcrumb\",\"itemListElement\":[{\"@type\":\"ListItem\",\"position\":1,\"name\":\"In\u00edcio\",\"item\":\"https:\/\/netaf.com.br\/\"},{\"@type\":\"ListItem\",\"position\":2,\"name\":\"PEI\"}]},{\"@type\":\"WebSite\",\"@id\":\"https:\/\/netaf.com.br\/#website\",\"url\":\"https:\/\/netaf.com.br\/\",\"name\":\"NETAF - N\u00facleo de Estudos e Terapias\",\"description\":\"\",\"publisher\":{\"@id\":\"https:\/\/netaf.com.br\/#organization\"},\"potentialAction\":[{\"@type\":\"SearchAction\",\"target\":{\"@type\":\"EntryPoint\",\"urlTemplate\":\"https:\/\/netaf.com.br\/?s={search_term_string}\"},\"query-input\":{\"@type\":\"PropertyValueSpecification\",\"valueRequired\":true,\"valueName\":\"search_term_string\"}}],\"inLanguage\":\"pt-BR\"},{\"@type\":\"Organization\",\"@id\":\"https:\/\/netaf.com.br\/#organization\",\"name\":\"NETAF - N\u00facleo de Estudos e Terapias\",\"url\":\"https:\/\/netaf.com.br\/\",\"logo\":{\"@type\":\"ImageObject\",\"inLanguage\":\"pt-BR\",\"@id\":\"https:\/\/netaf.com.br\/#\/schema\/logo\/image\/\",\"url\":\"https:\/\/netaf.com.br\/wp-content\/uploads\/2025\/04\/cropped-Logo-Netaf-Horizontal.png\",\"contentUrl\":\"https:\/\/netaf.com.br\/wp-content\/uploads\/2025\/04\/cropped-Logo-Netaf-Horizontal.png\",\"width\":551,\"height\":163,\"caption\":\"NETAF - N\u00facleo de Estudos e Terapias\"},\"image\":{\"@id\":\"https:\/\/netaf.com.br\/#\/schema\/logo\/image\/\"}}]}<\/script>\n<!-- \/ Yoast SEO plugin. -->","yoast_head_json":{"title":"PEI - NETAF - N\u00facleo de Estudos e Terapias","robots":{"index":"index","follow":"follow","max-snippet":"max-snippet:-1","max-image-preview":"max-image-preview:large","max-video-preview":"max-video-preview:-1"},"canonical":"https:\/\/netaf.com.br\/?page_id=579","og_locale":"pt_BR","og_type":"article","og_title":"PEI - NETAF - N\u00facleo de Estudos e Terapias","og_description":"PEI O PEI &#8211; Programa de Enriquecimento Instrumental &#8211; \u00e9 um programa de interven\u00e7\u00e3o cognitiva mediada que desenvolve fun\u00e7\u00f5es cognitivas [&hellip;]","og_url":"https:\/\/netaf.com.br\/?page_id=579","og_site_name":"NETAF - N\u00facleo de Estudos e Terapias","article_modified_time":"2026-03-10T16:06:09+00:00","og_image":[{"width":2560,"height":1212,"url":"https:\/\/netaf.com.br\/wp-content\/uploads\/2026\/03\/PEI-scaled.webp","type":"image\/webp"}],"twitter_card":"summary_large_image","twitter_misc":{"Est. tempo de leitura":"2 minutos"},"schema":{"@context":"https:\/\/schema.org","@graph":[{"@type":"WebPage","@id":"https:\/\/netaf.com.br\/?page_id=579","url":"https:\/\/netaf.com.br\/?page_id=579","name":"PEI - NETAF - N\u00facleo de Estudos e Terapias","isPartOf":{"@id":"https:\/\/netaf.com.br\/#website"},"primaryImageOfPage":{"@id":"https:\/\/netaf.com.br\/?page_id=579#primaryimage"},"image":{"@id":"https:\/\/netaf.com.br\/?page_id=579#primaryimage"},"thumbnailUrl":"https:\/\/netaf.com.br\/wp-content\/uploads\/2026\/03\/PEI-1024x485.webp","datePublished":"2025-10-15T14:57:38+00:00","dateModified":"2026-03-10T16:06:09+00:00","breadcrumb":{"@id":"https:\/\/netaf.com.br\/?page_id=579#breadcrumb"},"inLanguage":"pt-BR","potentialAction":[{"@type":"ReadAction","target":["https:\/\/netaf.com.br\/?page_id=579"]}]},{"@type":"ImageObject","inLanguage":"pt-BR","@id":"https:\/\/netaf.com.br\/?page_id=579#primaryimage","url":"https:\/\/netaf.com.br\/wp-content\/uploads\/2026\/03\/PEI-scaled.webp","contentUrl":"https:\/\/netaf.com.br\/wp-content\/uploads\/2026\/03\/PEI-scaled.webp","width":2560,"height":1212},{"@type":"BreadcrumbList","@id":"https:\/\/netaf.com.br\/?page_id=579#breadcrumb","itemListElement":[{"@type":"ListItem","position":1,"name":"In\u00edcio","item":"https:\/\/netaf.com.br\/"},{"@type":"ListItem","position":2,"name":"PEI"}]},{"@type":"WebSite","@id":"https:\/\/netaf.com.br\/#website","url":"https:\/\/netaf.com.br\/","name":"NETAF - N\u00facleo de Estudos e Terapias","description":"","publisher":{"@id":"https:\/\/netaf.com.br\/#organization"},"potentialAction":[{"@type":"SearchAction","target":{"@type":"EntryPoint","urlTemplate":"https:\/\/netaf.com.br\/?s={search_term_string}"},"query-input":{"@type":"PropertyValueSpecification","valueRequired":true,"valueName":"search_term_string"}}],"inLanguage":"pt-BR"},{"@type":"Organization","@id":"https:\/\/netaf.com.br\/#organization","name":"NETAF - N\u00facleo de Estudos e Terapias","url":"https:\/\/netaf.com.br\/","logo":{"@type":"ImageObject","inLanguage":"pt-BR","@id":"https:\/\/netaf.com.br\/#\/schema\/logo\/image\/","url":"https:\/\/netaf.com.br\/wp-content\/uploads\/2025\/04\/cropped-Logo-Netaf-Horizontal.png","contentUrl":"https:\/\/netaf.com.br\/wp-content\/uploads\/2025\/04\/cropped-Logo-Netaf-Horizontal.png","width":551,"height":163,"caption":"NETAF - N\u00facleo de Estudos e Terapias"},"image":{"@id":"https:\/\/netaf.com.br\/#\/schema\/logo\/image\/"}}]}},"_links":{"self":[{"href":"https:\/\/netaf.com.br\/index.php?rest_route=\/wp\/v2\/pages\/579","targetHints":{"allow":["GET"]}}],"collection":[{"href":"https:\/\/netaf.com.br\/index.php?rest_route=\/wp\/v2\/pages"}],"about":[{"href":"https:\/\/netaf.com.br\/index.php?rest_route=\/wp\/v2\/types\/page"}],"author":[{"embeddable":true,"href":"https:\/\/netaf.com.br\/index.php?rest_route=\/wp\/v2\/users\/1"}],"replies":[{"embeddable":true,"href":"https:\/\/netaf.com.br\/index.php?rest_route=%2Fwp%2Fv2%2Fcomments&post=579"}],"version-history":[{"count":7,"href":"https:\/\/netaf.com.br\/index.php?rest_route=\/wp\/v2\/pages\/579\/revisions"}],"predecessor-version":[{"id":843,"href":"https:\/\/netaf.com.br\/index.php?rest_route=\/wp\/v2\/pages\/579\/revisions\/843"}],"wp:attachment":[{"href":"https:\/\/netaf.com.br\/index.php?rest_route=%2Fwp%2Fv2%2Fmedia&parent=579"}],"curies":[{"name":"wp","href":"https:\/\/api.w.org\/{rel}","templated":true}]}}