{"id":576,"date":"2025-10-15T11:55:04","date_gmt":"2025-10-15T14:55:04","guid":{"rendered":"https:\/\/lojadecodigos.com.br\/wordpress_netaf\/?page_id=576"},"modified":"2026-03-10T13:09:32","modified_gmt":"2026-03-10T16:09:32","slug":"biblioterapia","status":"publish","type":"page","link":"https:\/\/netaf.com.br\/?page_id=576","title":{"rendered":"Biblioterapia"},"content":{"rendered":"\n<figure class=\"wp-block-image alignfull size-large\"><img loading=\"lazy\" decoding=\"async\" width=\"1024\" height=\"485\" src=\"https:\/\/netaf.com.br\/wp-content\/uploads\/2025\/11\/Biblioterapia-1024x485.webp\" alt=\"\" class=\"wp-image-719\" srcset=\"https:\/\/netaf.com.br\/wp-content\/uploads\/2025\/11\/Biblioterapia-1024x485.webp 1024w, https:\/\/netaf.com.br\/wp-content\/uploads\/2025\/11\/Biblioterapia-300x142.webp 300w, https:\/\/netaf.com.br\/wp-content\/uploads\/2025\/11\/Biblioterapia-768x364.webp 768w, https:\/\/netaf.com.br\/wp-content\/uploads\/2025\/11\/Biblioterapia-1536x728.webp 1536w, https:\/\/netaf.com.br\/wp-content\/uploads\/2025\/11\/Biblioterapia-2048x970.webp 2048w\" sizes=\"auto, (max-width: 1024px) 100vw, 1024px\" \/><\/figure>\n\n\n\n<h2 class=\"wp-block-heading\">Biblioterapia<\/h2>\n\n\n\n<p>A Biblioterapia \u00e9 definida como um processo de intera\u00e7\u00e3o din\u00e2mica entre o leitor e o material liter\u00e1rio.<\/p>\n\n\n\n<p>Intera\u00e7\u00e3o que chegamos com a ajuda da libera\u00e7\u00e3o de tens\u00e3o, com uma nova vis\u00e3o sobre os problemas pessoais, com o enriquecimento da consci\u00eancia sobre os problemas do \u201cEU\u201d.<\/p>\n\n\n\n<p>Atrav\u00e9s da identifica\u00e7\u00e3o com os personagens liter\u00e1rios os leitores podem perceber que eles s\u00e3o parte da humanidade e n\u00e3o est\u00e3o sozinhos com seus conflitos e realidades.<\/p>\n\n\n\n<ul class=\"wp-block-list\">\n<li>Expressar com palavras os problemas, sentimentos e medos que s\u00e3o dif\u00cdceis de serem colocados livremente sem tens\u00e3o;<\/li>\n\n\n\n<li>Uma compreens\u00e3o melhor de si mesmo e dos outros. Nossa maneira de ser, de se comportar e nossas rea\u00e7\u00f5es emocionais, fisiol\u00f3gicas, psicol\u00f3gicas;<\/li>\n\n\n\n<li>O enfrentamento dos nossos problemas num espa\u00e7o imagin\u00e1rio e protegido antes do enfrentamento com a realidade em si.<\/li>\n<\/ul>\n\n\n\n<p><\/p>\n","protected":false},"excerpt":{"rendered":"<p>Biblioterapia A Biblioterapia \u00e9 definida como um processo de intera\u00e7\u00e3o din\u00e2mica entre o leitor e o material liter\u00e1rio. Intera\u00e7\u00e3o que [&hellip;]<\/p>\n","protected":false},"author":1,"featured_media":0,"parent":0,"menu_order":0,"comment_status":"closed","ping_status":"closed","template":"","meta":{"_eb_attr":"","site-sidebar-layout":"default","site-content-layout":"","ast-site-content-layout":"default","site-content-style":"default","site-sidebar-style":"default","ast-global-header-display":"","ast-banner-title-visibility":"","ast-main-header-display":"","ast-hfb-above-header-display":"","ast-hfb-below-header-display":"","ast-hfb-mobile-header-display":"","site-post-title":"disabled","ast-breadcrumbs-content":"","ast-featured-img":"","footer-sml-layout":"","theme-transparent-header-meta":"","adv-header-id-meta":"","stick-header-meta":"","header-above-stick-meta":"","header-main-stick-meta":"","header-below-stick-meta":"","astra-migrate-meta-layouts":"default","ast-page-background-enabled":"default","ast-page-background-meta":{"desktop":{"background-color":"var(--ast-global-color-5)","background-image":"","background-repeat":"repeat","background-position":"center center","background-size":"auto","background-attachment":"scroll","background-type":"","background-media":"","overlay-type":"","overlay-color":"","overlay-opacity":"","overlay-gradient":""},"tablet":{"background-color":"","background-image":"","background-repeat":"repeat","background-position":"center center","background-size":"auto","background-attachment":"scroll","background-type":"","background-media":"","overlay-type":"","overlay-color":"","overlay-opacity":"","overlay-gradient":""},"mobile":{"background-color":"","background-image":"","background-repeat":"repeat","background-position":"center center","background-size":"auto","background-attachment":"scroll","background-type":"","background-media":"","overlay-type":"","overlay-color":"","overlay-opacity":"","overlay-gradient":""}},"ast-content-background-meta":{"desktop":{"background-color":"var(--ast-global-color-4)","background-image":"","background-repeat":"repeat","background-position":"center center","background-size":"auto","background-attachment":"scroll","background-type":"","background-media":"","overlay-type":"","overlay-color":"","overlay-opacity":"","overlay-gradient":""},"tablet":{"background-color":"var(--ast-global-color-4)","background-image":"","background-repeat":"repeat","background-position":"center center","background-size":"auto","background-attachment":"scroll","background-type":"","background-media":"","overlay-type":"","overlay-color":"","overlay-opacity":"","overlay-gradient":""},"mobile":{"background-color":"var(--ast-global-color-4)","background-image":"","background-repeat":"repeat","background-position":"center center","background-size":"auto","background-attachment":"scroll","background-type":"","background-media":"","overlay-type":"","overlay-color":"","overlay-opacity":"","overlay-gradient":""}},"footnotes":""},"class_list":["post-576","page","type-page","status-publish","hentry"],"yoast_head":"<!-- This site is optimized with the Yoast SEO plugin v27.1.1 - https:\/\/yoast.com\/product\/yoast-seo-wordpress\/ -->\n<title>Biblioterapia - NETAF - N\u00facleo de Estudos e Terapias<\/title>\n<meta name=\"robots\" content=\"index, follow, max-snippet:-1, max-image-preview:large, max-video-preview:-1\" \/>\n<link rel=\"canonical\" href=\"https:\/\/netaf.com.br\/?page_id=576\" \/>\n<meta property=\"og:locale\" content=\"pt_BR\" \/>\n<meta property=\"og:type\" content=\"article\" \/>\n<meta property=\"og:title\" content=\"Biblioterapia - NETAF - N\u00facleo de Estudos e Terapias\" \/>\n<meta property=\"og:description\" content=\"Biblioterapia A Biblioterapia \u00e9 definida como um processo de intera\u00e7\u00e3o din\u00e2mica entre o leitor e o material liter\u00e1rio. Intera\u00e7\u00e3o que [&hellip;]\" \/>\n<meta property=\"og:url\" content=\"https:\/\/netaf.com.br\/?page_id=576\" \/>\n<meta property=\"og:site_name\" content=\"NETAF - N\u00facleo de Estudos e Terapias\" \/>\n<meta property=\"article:modified_time\" content=\"2026-03-10T16:09:32+00:00\" \/>\n<meta property=\"og:image\" content=\"https:\/\/netaf.com.br\/wp-content\/uploads\/2025\/11\/Biblioterapia-scaled.webp\" \/>\n\t<meta property=\"og:image:width\" content=\"2560\" \/>\n\t<meta property=\"og:image:height\" content=\"1213\" \/>\n\t<meta property=\"og:image:type\" content=\"image\/webp\" \/>\n<meta name=\"twitter:card\" content=\"summary_large_image\" \/>\n<meta name=\"twitter:label1\" content=\"Est. tempo de leitura\" \/>\n\t<meta name=\"twitter:data1\" content=\"1 minuto\" \/>\n<script type=\"application\/ld+json\" class=\"yoast-schema-graph\">{\"@context\":\"https:\/\/schema.org\",\"@graph\":[{\"@type\":\"WebPage\",\"@id\":\"https:\/\/netaf.com.br\/?page_id=576\",\"url\":\"https:\/\/netaf.com.br\/?page_id=576\",\"name\":\"Biblioterapia - NETAF - N\u00facleo de Estudos e Terapias\",\"isPartOf\":{\"@id\":\"https:\/\/netaf.com.br\/#website\"},\"primaryImageOfPage\":{\"@id\":\"https:\/\/netaf.com.br\/?page_id=576#primaryimage\"},\"image\":{\"@id\":\"https:\/\/netaf.com.br\/?page_id=576#primaryimage\"},\"thumbnailUrl\":\"https:\/\/netaf.com.br\/wp-content\/uploads\/2025\/11\/Biblioterapia-1024x485.webp\",\"datePublished\":\"2025-10-15T14:55:04+00:00\",\"dateModified\":\"2026-03-10T16:09:32+00:00\",\"breadcrumb\":{\"@id\":\"https:\/\/netaf.com.br\/?page_id=576#breadcrumb\"},\"inLanguage\":\"pt-BR\",\"potentialAction\":[{\"@type\":\"ReadAction\",\"target\":[\"https:\/\/netaf.com.br\/?page_id=576\"]}]},{\"@type\":\"ImageObject\",\"inLanguage\":\"pt-BR\",\"@id\":\"https:\/\/netaf.com.br\/?page_id=576#primaryimage\",\"url\":\"https:\/\/netaf.com.br\/wp-content\/uploads\/2025\/11\/Biblioterapia-scaled.webp\",\"contentUrl\":\"https:\/\/netaf.com.br\/wp-content\/uploads\/2025\/11\/Biblioterapia-scaled.webp\",\"width\":2560,\"height\":1213},{\"@type\":\"BreadcrumbList\",\"@id\":\"https:\/\/netaf.com.br\/?page_id=576#breadcrumb\",\"itemListElement\":[{\"@type\":\"ListItem\",\"position\":1,\"name\":\"In\u00edcio\",\"item\":\"https:\/\/netaf.com.br\/\"},{\"@type\":\"ListItem\",\"position\":2,\"name\":\"Biblioterapia\"}]},{\"@type\":\"WebSite\",\"@id\":\"https:\/\/netaf.com.br\/#website\",\"url\":\"https:\/\/netaf.com.br\/\",\"name\":\"NETAF - N\u00facleo de Estudos e Terapias\",\"description\":\"\",\"publisher\":{\"@id\":\"https:\/\/netaf.com.br\/#organization\"},\"potentialAction\":[{\"@type\":\"SearchAction\",\"target\":{\"@type\":\"EntryPoint\",\"urlTemplate\":\"https:\/\/netaf.com.br\/?s={search_term_string}\"},\"query-input\":{\"@type\":\"PropertyValueSpecification\",\"valueRequired\":true,\"valueName\":\"search_term_string\"}}],\"inLanguage\":\"pt-BR\"},{\"@type\":\"Organization\",\"@id\":\"https:\/\/netaf.com.br\/#organization\",\"name\":\"NETAF - N\u00facleo de Estudos e Terapias\",\"url\":\"https:\/\/netaf.com.br\/\",\"logo\":{\"@type\":\"ImageObject\",\"inLanguage\":\"pt-BR\",\"@id\":\"https:\/\/netaf.com.br\/#\/schema\/logo\/image\/\",\"url\":\"https:\/\/netaf.com.br\/wp-content\/uploads\/2025\/04\/cropped-Logo-Netaf-Horizontal.png\",\"contentUrl\":\"https:\/\/netaf.com.br\/wp-content\/uploads\/2025\/04\/cropped-Logo-Netaf-Horizontal.png\",\"width\":551,\"height\":163,\"caption\":\"NETAF - N\u00facleo de Estudos e Terapias\"},\"image\":{\"@id\":\"https:\/\/netaf.com.br\/#\/schema\/logo\/image\/\"}}]}<\/script>\n<!-- \/ Yoast SEO plugin. -->","yoast_head_json":{"title":"Biblioterapia - NETAF - N\u00facleo de Estudos e Terapias","robots":{"index":"index","follow":"follow","max-snippet":"max-snippet:-1","max-image-preview":"max-image-preview:large","max-video-preview":"max-video-preview:-1"},"canonical":"https:\/\/netaf.com.br\/?page_id=576","og_locale":"pt_BR","og_type":"article","og_title":"Biblioterapia - NETAF - N\u00facleo de Estudos e Terapias","og_description":"Biblioterapia A Biblioterapia \u00e9 definida como um processo de intera\u00e7\u00e3o din\u00e2mica entre o leitor e o material liter\u00e1rio. Intera\u00e7\u00e3o que [&hellip;]","og_url":"https:\/\/netaf.com.br\/?page_id=576","og_site_name":"NETAF - N\u00facleo de Estudos e Terapias","article_modified_time":"2026-03-10T16:09:32+00:00","og_image":[{"width":2560,"height":1213,"url":"https:\/\/netaf.com.br\/wp-content\/uploads\/2025\/11\/Biblioterapia-scaled.webp","type":"image\/webp"}],"twitter_card":"summary_large_image","twitter_misc":{"Est. tempo de leitura":"1 minuto"},"schema":{"@context":"https:\/\/schema.org","@graph":[{"@type":"WebPage","@id":"https:\/\/netaf.com.br\/?page_id=576","url":"https:\/\/netaf.com.br\/?page_id=576","name":"Biblioterapia - NETAF - N\u00facleo de Estudos e Terapias","isPartOf":{"@id":"https:\/\/netaf.com.br\/#website"},"primaryImageOfPage":{"@id":"https:\/\/netaf.com.br\/?page_id=576#primaryimage"},"image":{"@id":"https:\/\/netaf.com.br\/?page_id=576#primaryimage"},"thumbnailUrl":"https:\/\/netaf.com.br\/wp-content\/uploads\/2025\/11\/Biblioterapia-1024x485.webp","datePublished":"2025-10-15T14:55:04+00:00","dateModified":"2026-03-10T16:09:32+00:00","breadcrumb":{"@id":"https:\/\/netaf.com.br\/?page_id=576#breadcrumb"},"inLanguage":"pt-BR","potentialAction":[{"@type":"ReadAction","target":["https:\/\/netaf.com.br\/?page_id=576"]}]},{"@type":"ImageObject","inLanguage":"pt-BR","@id":"https:\/\/netaf.com.br\/?page_id=576#primaryimage","url":"https:\/\/netaf.com.br\/wp-content\/uploads\/2025\/11\/Biblioterapia-scaled.webp","contentUrl":"https:\/\/netaf.com.br\/wp-content\/uploads\/2025\/11\/Biblioterapia-scaled.webp","width":2560,"height":1213},{"@type":"BreadcrumbList","@id":"https:\/\/netaf.com.br\/?page_id=576#breadcrumb","itemListElement":[{"@type":"ListItem","position":1,"name":"In\u00edcio","item":"https:\/\/netaf.com.br\/"},{"@type":"ListItem","position":2,"name":"Biblioterapia"}]},{"@type":"WebSite","@id":"https:\/\/netaf.com.br\/#website","url":"https:\/\/netaf.com.br\/","name":"NETAF - N\u00facleo de Estudos e Terapias","description":"","publisher":{"@id":"https:\/\/netaf.com.br\/#organization"},"potentialAction":[{"@type":"SearchAction","target":{"@type":"EntryPoint","urlTemplate":"https:\/\/netaf.com.br\/?s={search_term_string}"},"query-input":{"@type":"PropertyValueSpecification","valueRequired":true,"valueName":"search_term_string"}}],"inLanguage":"pt-BR"},{"@type":"Organization","@id":"https:\/\/netaf.com.br\/#organization","name":"NETAF - N\u00facleo de Estudos e Terapias","url":"https:\/\/netaf.com.br\/","logo":{"@type":"ImageObject","inLanguage":"pt-BR","@id":"https:\/\/netaf.com.br\/#\/schema\/logo\/image\/","url":"https:\/\/netaf.com.br\/wp-content\/uploads\/2025\/04\/cropped-Logo-Netaf-Horizontal.png","contentUrl":"https:\/\/netaf.com.br\/wp-content\/uploads\/2025\/04\/cropped-Logo-Netaf-Horizontal.png","width":551,"height":163,"caption":"NETAF - N\u00facleo de Estudos e Terapias"},"image":{"@id":"https:\/\/netaf.com.br\/#\/schema\/logo\/image\/"}}]}},"_links":{"self":[{"href":"https:\/\/netaf.com.br\/index.php?rest_route=\/wp\/v2\/pages\/576","targetHints":{"allow":["GET"]}}],"collection":[{"href":"https:\/\/netaf.com.br\/index.php?rest_route=\/wp\/v2\/pages"}],"about":[{"href":"https:\/\/netaf.com.br\/index.php?rest_route=\/wp\/v2\/types\/page"}],"author":[{"embeddable":true,"href":"https:\/\/netaf.com.br\/index.php?rest_route=\/wp\/v2\/users\/1"}],"replies":[{"embeddable":true,"href":"https:\/\/netaf.com.br\/index.php?rest_route=%2Fwp%2Fv2%2Fcomments&post=576"}],"version-history":[{"count":5,"href":"https:\/\/netaf.com.br\/index.php?rest_route=\/wp\/v2\/pages\/576\/revisions"}],"predecessor-version":[{"id":846,"href":"https:\/\/netaf.com.br\/index.php?rest_route=\/wp\/v2\/pages\/576\/revisions\/846"}],"wp:attachment":[{"href":"https:\/\/netaf.com.br\/index.php?rest_route=%2Fwp%2Fv2%2Fmedia&parent=576"}],"curies":[{"name":"wp","href":"https:\/\/api.w.org\/{rel}","templated":true}]}}